 17, 283
Let k be (1 - -18)*1*(6 + -5). Suppose 5*y + 4*j - 3*j = -69, -y - k = -5*j. Let i(h) = h**3 + 14*h**2 - 5*h - 29. List the prime factors of i(y).
41
What are the prime factors of (-2)/5*(81800/(-8) - 5)?
2, 3, 11, 31
Suppose 3*b - 1074 = -330. Let a = 997 - 1159. Let g = a + b. What are the prime factors of g?
2, 43
List the prime factors of (-2 + (-59325)/6 + -1)*-2.
131, 151
Let f = -14 + 12. Let i(b) = 29*b**2 - 11*b + 2. Let c(n) = -117*n**2 + 45*n - 9. Let k(x) = 5*c(x) + 21*i(x). What are the prime factors of k(f)?
3, 5, 7
Suppose -1129*o = -1133*o + 27428. List the prime factors of o.
6857
Let y = 237 - 158. Suppose -7*m + 2340 = y. What are the prime factors of m?
17, 19
Let x = 10396 + -9706. What are the prime factors of x?
2, 3, 5, 23
Suppose 3*w + 95 = -5*z, -4*w + 81*z - 80*z - 119 = 0. List the prime factors of (28900/w)/(-1) + 1/(-3).
3, 107
Suppose -10*h = -3*h. Suppose h = 8*z - 8 - 8. Suppose 105 = z*s - 185. What are the prime factors of s?
5, 29
Suppose 11*s + 3*u + 1869 = 12*s, 4*s + u - 7437 = 0. Let m = -649 + s. What are the prime factors of m?
7, 173
Suppose 0 = 3*x - 8 - 1. Suppose -348 + 48 = x*p. Let f = 191 + p. What are the prime factors of f?
7, 13
Let c = -140 + 297. Suppose 2*t + 184 = 3*i, 3*t = 73*i - 76*i - 306. Let d = t + c. List the prime factors of d.
59
Suppose -f + 4363 = t, -9403 - 8044 = -4*f - 5*t. Let o be (2/(-4))/(14/f). Let p = -41 - o. What are the prime factors of p?
5, 23
Let n = -50 - -59. Suppose -4*x = u - 385, -300 = -n*x + 6*x - 3*u. List the prime factors of x.
5, 19
Suppose -48 = 15*x - 138. List the prime factors of x/8 - 1173/(-68).
2, 3
Let g = -115 + 147. Suppose 20 - g = -4*i. Suppose 6*q + 985 = 5*t + i*q, 3*t = -3*q + 567. List the prime factors of t.
2, 97
Let q be 18938/14 - ((-24)/7)/12. Suppose -11*l - q = -22*l. What are the prime factors of l?
3, 41
Let t be 40/(-14)*7980/(-152). What are the prime factors of t/(-20)*392/(-21)?
2, 5, 7
Let j(i) = 10*i - 112. Let z be j(11). Let d(h) = -15*h + 18. What are the prime factors of d(z)?
2, 3
Let j(v) = v**2 - 6*v - 1. Let k be j(6). Let o be (-192)/(-32) - (-7)/((-7)/190). List the prime factors of -2 + (k + 2 - o).
3, 61
Let z(u) = 17*u + 45*u - 39 + 25*u + 8*u. Let t(b) = -97*b + 38. Let n(m) = -6*t(m) - 5*z(m). List the prime factors of n(3).
2, 3
Let a = 1028 + -620. Suppose -x = -1552 - a. Suppose -o = 9*o - x. What are the prime factors of o?
2, 7
Suppose 4*j - 8*j - 4*g = -200, -j = 4*g - 62. Suppose -3*q = -5*z - 56, q + z - j = -q. Suppose q = a + a. What are the prime factors of a?
11
Let s(a) = 100*a**2 + 4*a + 31. List the prime factors of s(-6).
3607
Suppose -4*h - 5*c + 8856 + 10582 = 0, 0 = 3*c - 6. What are the prime factors of h?
3, 1619
Let a = -1530 - -3184. Suppose -4*j = 3*p - a, 33*j = 31*j - 4. List the prime factors of p.
2, 277
Let r = 42896 - 25533. List the prime factors of r.
97, 179
Let v be (-4250)/10 + (-4 - -3)*0. What are the prime factors of 6/10 + (-427720)/v?
19, 53
Let w be (30/(-8))/((-114)/25688). List the prime factors of w/20 - 21/(-28).
43
Let g = 16 - 11. Suppose g = 2*n + 13. List the prime factors of n + 4 + -3 - (-160)/4.
37
Let x be (1 - 1) + (-3)/((-33)/7150). What are the prime factors of x - 2*(-4)/(-16)*-10?
5, 131
Suppose -36*x - 10*x + 235070 = -41*x. What are the prime factors of x?
2, 11, 2137
Let o(z) = -35 + 9*z - 16*z + 44*z. Let v be o(9). Suppose 2*w = 4*w - v. What are the prime factors of w?
149
Suppose -4*y + 3*b = 4, y - 2*b - 4 = -0*b. Let s be 0*-2*(10/y + 3). Suppose p + h - 227 = s, -146 - 111 = -p + 5*h. What are the prime factors of p?
2, 29
Let i(s) = 8*s**2 + 40*s + 355. What are the prime factors of i(32)?
31, 317
Suppose -5*x - 5 = 4*n, -n - x = 4 - 3. Suppose 3*l = -3*h + 18, 2*h = -n*h - 5*l. Let q = 21 - h. What are the prime factors of q?
11
Let z(b) = b**2 - 14*b - 22 + 4 - 8*b. Let m(r) = 28*r + 108. Let y be m(-3). List the prime factors of z(y).
2, 3, 5
Suppose -3*b + 4*b = 35. Let m = b - 35. Suppose -4*u + t + 2*t + 177 = m, 0 = -2*u - 3*t + 75. List the prime factors of u.
2, 3, 7
Let o = -45 + 53. Suppose o*w - 10*w = 8. List the prime factors of -4 - w - 3 - -56.
53
Suppose 5*p - 35202 = -4*v, 2*v + 450*p - 452*p = 17574. What are the prime factors of v?
3, 977
Let j(r) = 754*r**2 + 79*r - 153. What are the prime factors of j(3)?
2, 3, 5, 229
Let a(s) = -1656*s + 26. List the prime factors of a(-2).
2, 1669
Let i(y) = 346*y + 28. Let g be i(5). Suppose 0 = -5*h + l + 4387, h + 2*l = 3*h - g. List the prime factors of h.
877
List the prime factors of 8 - ((12 - 10) + 0 - 15454).
2, 5, 773
Let a = -1478 - -3034. List the prime factors of a.
2, 389
Let h(c) = 17*c**3 + 4*c**2 + 6*c + 21. Let o be h(-4). Let w = 1580 + o. What are the prime factors of w?
7, 79
Suppose 0 = 16*k - 18*k + 6. Suppose -k*c - 14 = 4. Let q = c - -26. List the prime factors of q.
2, 5
Let d(z) be the third derivative of -19*z**4/24 + 19*z**3/6 + 57*z**2. What are the prime factors of d(-5)?
2, 3, 19
Suppose 55*l - 373051 = 333754. What are the prime factors of l?
71, 181
Let f be 0/1 - (-42 + 9). Let h be f/22*388/2. Let i = 455 - h. What are the prime factors of i?
2, 41
Let j be (-167)/((-2 + 10/4)*-2). Suppose 0 = 16*u - 73 - j. List the prime factors of u.
3, 5
Let t = -167 + 248. Suppose 0 = -77*d + t*d + 400. Let q = d + 170. What are the prime factors of q?
2, 5, 7
Let b(x) = -8*x**2 - 1373*x - 443. List the prime factors of b(-147).
2, 7129
Suppose 0 = -3*t + 2*h - 3, -h + 1 = -5*t + h. List the prime factors of 300 + (t + -5 - -6).
2, 151
Let j(s) = -7*s**3 + 28*s**2 - 42*s + 108. What are the prime factors of j(-15)?
3, 3407
Suppose 70 = 2*q + 8*q. Let h(p) = 9*p. Let m(g) = 80*g. Let y(s) = 28*h(s) - 3*m(s). List the prime factors of y(q).
2, 3, 7
Let v = -2110 + 530. What are the prime factors of ((-10)/(-8))/((-5)/v)?
5, 79
Let m be (-3 - (-40)/12)*-3. Let d be (-10 - 25/(-5))*(m + 0). What are the prime factors of (-6)/(-15) + 528/d?
2, 53
Let g be 1 + (2 + 296*2 - -1). Let q = g + -350. List the prime factors of q.
2, 3, 41
Suppose 5*g + 3*s = 19420, g + 2*s - 6631 = -2740. What are the prime factors of g?
3881
List the prime factors of (405/(-270))/((-3)/10532).
2, 2633
Let b = -68595 - -96907. List the prime factors of b.
2, 3539
Let r(t) = -8*t**2 - 62*t + 3. Let q be r(-9). List the prime factors of ((-3799)/q)/((-1)/(-15)).
5, 131
Suppose -6*o - 40 = -352. What are the prime factors of 1 - (-3112)/14 - o/182?
223
Suppose -14*z + 4 = -10*z. Let j(b) be the third derivative of 17*b**5/20 + b**4/6 - 2*b**3/3 - 179*b**2. What are the prime factors of j(z)?
3, 17
Let o(a) = a**3 - 6*a**2 - 11*a + 4. Let j be o(8). Let g = j - 41. Suppose -g*p + 142 = -p. List the prime factors of p.
71
Let c(n) = -321*n**3 - 22*n**2 - 17*n + 7. List the prime factors of c(-5).
39667
Suppose s - 10549 = -0*s + 17331. What are the prime factors of s?
2, 5, 17, 41
Suppose -43*a = -19*a - 8856. List the prime factors of a.
3, 41
Let m(c) = 39*c + 7. Let a = -5 - -10. Let b be m(a). Suppose 176 = 3*t - b. List the prime factors of t.
2, 3, 7
Suppose 0 = 3*x - 6, -5*x + 30835 + 15901 = 2*l. List the prime factors of l.
61, 383
Let r = 669 + -446. Suppose 3*u + 3*s = 849, -5*u + r = -s - 1210. What are the prime factors of u?
2, 11, 13
Suppose 2*s - 5*f - 868 = 0, -4*s + 2170 = s - 3*f. Suppose 2*x - s = -4*l - 106, -4*x - 5*l + 662 = 0. Let d = x + -15. What are the prime factors of d?
3, 17
Let t(v) = 7*v + 3. Let l(z) = -15*z - 6. Let a(w) = -6*l(w) - 15*t(w). Let b be a(-6). Suppose 305 = 2*c + b. What are the prime factors of c?
2, 7
Let m(q) = 4*q**2 - 49*q + 12. Let s be m(12). Suppose -c - c = 3*t - 1351, s = -3*c + 6. List the prime factors of t.
449
Let z(h) = -234*h + 0 - 171*h + 0 - 1. Let m be z(-1). Suppose 6*n = 10*n - m. What are the prime factors of n?
101
Let f(w) = -13979*w + 401. List the prime factors of f(-4).
199, 283
Suppose 69*o + 4231 = 70*o + 2*r, 21179 = 5*o - 2*r. What are the prime factors of o?
5, 7, 11
Let m be 7/2*48/56. Suppose -4*b + 887 = -m*v, 986 = 5*b + 5*v - 79. What are the prime factors of b?
2, 109
Let b = 64035 - 38693. List the prime factors of b.
2, 12671
Let r = -18021 - -31677. List the prime factors of r.
2, 3, 569
